{"id":583,"date":"2014-03-25T14:24:23","date_gmt":"2014-03-25T13:24:23","guid":{"rendered":"http:\/\/mardelvalle.com\/?page_id=583"},"modified":"2025-10-20T19:31:41","modified_gmt":"2025-10-20T18:31:41","slug":"libros","status":"publish","type":"page","link":"https:\/\/mardelvalle.com\/en\/libros\/","title":{"rendered":"Publications"},"content":{"rendered":"<p>BOOKS<\/p>\n<p>\u2022 \u00a0<a href=\"https:\/\/www.penguinlibros.com\/es\/novela-fantastica-juvenil\/410113-libro-rojo-y-oro-nueva-edicion-limitada-con-cantos-tintados-9788427251663\"><strong>Rojo y Oro (Limited edition with hardcover)<\/strong><\/a>, Iria G. Parente &amp; Selene M. Pascual, Alfaguara (2025)<\/p>\n<p>\u2022 \u00a0<a href=\"https:\/\/www.planetadelibros.com\/libro-me-dibujaron-asi\/423237\"><strong>Me dibujaron as\u00ed: Por qu\u00e9 el mundo odia la feminidad<\/strong><\/a>, Noem\u00ed L\u00f3pez Trujillo, Pen\u00ednsula (2025)<\/p>\n<p>\u2022\u00a0 <a href=\"https:\/\/www.labellavarsovia.com\/la-habitacion-de-las-ahogadas\/\"><strong>La habitaci\u00f3n de las ahogadas<\/strong><\/a> (cover art), Alana S. Portero, La Bella Varsovia (2025)<\/p>\n<p>\u2022 \u00a0<a href=\"https:\/\/www.penguinlibros.com\/es\/novela-fantastica-juvenil\/7676-libro-rojo-y-oro-9788420485133\"><strong>Rojo y Oro<\/strong><\/a>, Iria G. Parente &amp; Selene M. Pascual, Alfaguara (2017)<\/p>\n<p>\u2022 \u00a0<strong>La Fuerza de los Fuertes<\/strong>, Jack London, Ediciones Traspi\u00e9s (2014)<\/p>\n<p>\u2022 \u00a0<strong>La Pr\u00f3xima Tormenta<\/strong> (cover art), Alana S. Portero, Editorial Origami (2014)<\/p>\n<p>\u2022 \u00a0<strong>Fan Tasmina y el Castillo de la Colina Verde<\/strong>, Teresa Blanch, Editorial San Pablo (2013)<\/p>\n<p>\u2022 \u00a0<strong>Rumbo a Thuban<\/strong>, Susana Fern\u00e1ndez Gabald\u00f3n, Editorial Edim\u00e1ter (2012)<\/p>\n<p>\u2022 \u00a0<strong>El Club de las Palabras Prohibidas<\/strong>, Felisa Moreno, Editorial Edim\u00e1ter (2012)<\/p>\n<p>\u2022 \u00a0<strong>La Casa del Tejo<\/strong>, Carmen Gil, Editorial Edim\u00e1ter (2011)<\/p>\n<p>\u2022 \u00a0<strong>La Cueva de las Profec\u00edas<\/strong>, Rub\u00e9n Castillo, Editorial Edim\u00e1ter (2010)<\/p>\n<p>\u2022 \u00a0<strong>El Legado del Hechicero<\/strong>, Pedro Camacho, Editorial Edim\u00e1ter (2009)<\/p>\n<p>\u2022 \u00a0<strong>El Bazar de los Sue\u00f1os<\/strong><em>,<\/em>\u00a0Miguel \u00c1ngel Villar Pinto, Editorial Edim\u00e1ter (2009)<\/p>\n<p>&nbsp;<\/p>\n<p>MAGAZINES<\/p>\n<p>\u2022 \u00a0<strong>Vinalia Trippers n\u00ba13 &#8220;Duelo al sol&#8221;<\/strong>, collaboration with various writers and illustrators\u00a0(2014)<\/p>","protected":false},"excerpt":{"rendered":"<p>BOOKS \u2022 \u00a0Rojo y Oro (Limited edition with hardcover), Iria G. Parente &amp; Selene M. Pascual, Alfaguara (2025) \u2022 \u00a0Me dibujaron as\u00ed: Por qu\u00e9 el mundo odia la feminidad, Noem\u00ed L\u00f3pez Trujillo, Pen\u00ednsula (2025) \u2022\u00a0 La habitaci\u00f3n de las ahogadas (cover art), Alana S. Portero, La Bella Varsovia (2025) \u2022 \u00a0Rojo y Oro, Iria G. [&hellip;]<\/p>\n","protected":false},"author":1,"featured_media":0,"parent":0,"menu_order":0,"comment_status":"open","ping_status":"open","template":"","meta":{"footnotes":""},"class_list":["post-583","page","type-page","status-publish","hentry"],"_links":{"self":[{"href":"https:\/\/mardelvalle.com\/en\/wp-json\/wp\/v2\/pages\/583","targetHints":{"allow":["GET"]}}],"collection":[{"href":"https:\/\/mardelvalle.com\/en\/wp-json\/wp\/v2\/pages"}],"about":[{"href":"https:\/\/mardelvalle.com\/en\/wp-json\/wp\/v2\/types\/page"}],"author":[{"embeddable":true,"href":"https:\/\/mardelvalle.com\/en\/wp-json\/wp\/v2\/users\/1"}],"replies":[{"embeddable":true,"href":"https:\/\/mardelvalle.com\/en\/wp-json\/wp\/v2\/comments?post=583"}],"version-history":[{"count":47,"href":"https:\/\/mardelvalle.com\/en\/wp-json\/wp\/v2\/pages\/583\/revisions"}],"predecessor-version":[{"id":2337,"href":"https:\/\/mardelvalle.com\/en\/wp-json\/wp\/v2\/pages\/583\/revisions\/2337"}],"wp:attachment":[{"href":"https:\/\/mardelvalle.com\/en\/wp-json\/wp\/v2\/media?parent=583"}],"curies":[{"name":"wp","href":"https:\/\/api.w.org\/{rel}","templated":true}]}}

<p>BOOKS</p>
<p>•  <a href="https://www.penguinlibros.com/es/novela-fantastica-juvenil/410113-libro-rojo-y-oro-nueva-edicion-limitada-con-cantos-tintados-9788427251663"><strong>Rojo y Oro (Limited edition with hardcover)</strong></a>, Iria G. Parente &amp; Selene M. Pascual, Alfaguara (2025)</p>
<p>•  <a href="https://www.planetadelibros.com/libro-me-dibujaron-asi/423237"><strong>Me dibujaron así: Por qué el mundo odia la feminidad</strong></a>, Noemí López Trujillo, Península (2025)</p>
<p>•  <a href="https://www.labellavarsovia.com/la-habitacion-de-las-ahogadas/"><strong>La habitación de las ahogadas</strong></a> (cover art), Alana S. Portero, La Bella Varsovia (2025)</p>
<p>•  <a href="https://www.penguinlibros.com/es/novela-fantastica-juvenil/7676-libro-rojo-y-oro-9788420485133"><strong>Rojo y Oro</strong></a>, Iria G. Parente &amp; Selene M. Pascual, Alfaguara (2017)</p>
<p>•  <strong>La Fuerza de los Fuertes</strong>, Jack London, Ediciones Traspiés (2014)</p>
<p>•  <strong>La Próxima Tormenta</strong> (cover art), Alana S. Portero, Editorial Origami (2014)</p>
<p>•  <strong>Fan Tasmina y el Castillo de la Colina Verde</strong>, Teresa Blanch, Editorial San Pablo (2013)</p>
<p>•  <strong>Rumbo a Thuban</strong>, Susana Fernández Gabaldón, Editorial Edimáter (2012)</p>
<p>•  <strong>El Club de las Palabras Prohibidas</strong>, Felisa Moreno, Editorial Edimáter (2012)</p>
<p>•  <strong>La Casa del Tejo</strong>, Carmen Gil, Editorial Edimáter (2011)</p>
<p>•  <strong>La Cueva de las Profecías</strong>, Rubén Castillo, Editorial Edimáter (2010)</p>
<p>•  <strong>El Legado del Hechicero</strong>, Pedro Camacho, Editorial Edimáter (2009)</p>
<p>•  <strong>El Bazar de los Sueños</strong><em>,</em> Miguel Ángel Villar Pinto, Editorial Edimáter (2009)</p>
<p>&nbsp;</p>
<p>MAGAZINES</p>
<p>•  <strong>Vinalia Trippers nº13 &#8220;Duelo al sol&#8221;</strong>, collaboration with various writers and illustrators (2014)</p>

<p>BOOKS •  Rojo y Oro (Limited edition with hardcover), Iria G. Parente &amp; Selene M. Pascual, Alfaguara (2025) •  Me dibujaron así: Por qué el mundo odia la feminidad, Noemí López Trujillo, Península (2025) •  La habitación de las ahogadas (cover art), Alana S. Portero, La Bella Varsovia (2025) •  Rojo y Oro, Iria G. [&hellip;]</p>
